4, 5*x + 5 - 54 = 3*u. Suppose 10 = 2*t - x. What are the prime factors of p(t)?
2, 5
Let y(f) = 2*f - 38. Let b be y(22). Let o(w) = w**3 + 2*w**2 + 9*w - 4. List the prime factors of o(b).
2, 13
Suppose -v + 0 + 2 = -u, -2*v - 2*u - 4 = 0. Suppose 10*s - 15*s + 295 = v. What are the prime factors of s?
59
Let m(b) = b**3 + 7*b**2 + 7*b + 6. Let j be m(-6). Suppose -5*v + 23 + 652 = j. What are the prime factors of v?
3, 5
Let d(r) = r**2 - 5*r - 10. Let n(h) = -h**2 + 8*h - 4. Let v be n(9). What are the prime factors of d(v)?
2, 7
Let w(g) = -g + 15. Let x be w(11). List the prime factors of (-1)/x - 1464/(-96).
3, 5
Suppose 4*y - 7*y + 12 = 0. What are the prime factors of 190*2*y/16?
5, 19
Let b = -55 + 1008. What are the prime factors of b?
953
Suppose 6*f + 94 = 8*f. Let q = 134 - f. What are the prime factors of q?
3, 29
Let h(r) = -8*r + 13. Let s be h(2). List the prime factors of ((-2450)/(-15))/(-7)*s*1.
2, 5, 7
Let x(a) = a**3 + 16*a**2 + 30*a + 19. Let h be x(-14). Let t(g) = -3*g + 12. Let u be t(h). What are the prime factors of ((-30)/2)/((-13)/u)?
3, 5
Suppose u - 612 = 7*u. Let b = 174 + u. What are the prime factors of b?
2, 3
Suppose -265 + 40 = 5*k. Let a = 86 + k. What are the prime factors of a?
41
Let i = -825 + 1521. List the prime factors of i.
2, 3, 29
Let d(s) = -s**2 - 5*s - 6. Let o be d(-4). What are the prime factors of o/(-3) - (-32)/6?
2, 3
Let t = 16 + -14. Suppose t*u - 4*u + 14 = 0. Let m(f) = f**2 - 5*f + 3. What are the prime factors of m(u)?
17
Suppose 11 = -5*p + 4*o, -p + 4*o + 0*o - 15 = 0. List the prime factors of (p*-120)/(-3) + 4.
2, 11
Suppose 3*p + 0 - 3 = 0. Let n be 846/42 - p/7. Suppose -n = 2*q - 3*q. What are the prime factors of q?
2, 5
Suppose -3*z + 3 = -0*z. Suppose 4*p - z = -g + 2, 2*g - 2*p - 46 = 0. Let h = g + -9. What are the prime factors of h?
2, 5
Suppose -4*f = -3*v + 8444, 472 = -2*v - 5*f + 6132. List the prime factors of v.
2, 3, 5, 47
Suppose 19 = 7*c + 5. Suppose c*g - 380 = 4*i + 8, -g = 3*i - 169. Suppose 5*s + 127 = d + d, -g = -4*d - 4*s. What are the prime factors of d?
3, 17
Let v(n) = 24*n**3 + 3*n - 3. Let l be v(2). Let m be (-2)/(-15) - 26/l. Suppose -3*h - 2*u + 170 = m, -278 = -5*h - 2*u + 4*u. What are the prime factors of h?
2, 7
Suppose 2*p - 6 = -0. Suppose p*i - 390 = -3*u, -u + 6 = 2. What are the prime factors of i?
2, 3, 7
Let x = 1340 + -928. List the prime factors of x.
2, 103
Suppose 0 = 4*a - 2*m + 6*m - 24, -4*a + 30 = -2*m. Suppose -5*j + a*j - 320 = 0. List the prime factors of j.
2, 5
Let v = 26 - -1146. List the prime factors of v.
2, 293
Let q(d) = -d**3 - d**2 - d + 6. Let b be q(0). Suppose -h - 2 = -b. What are the prime factors of h?
2
What are the prime factors of -4806*((-95)/15 + 6)?
2, 3, 89
Let z = -487 + 984. List the prime factors of z.
7, 71
Suppose 4*o - 5*s - 1295 = 0, -3*o = 2*s - 6*s - 971. Let n = o + -231. List the prime factors of n.
2, 47
Let g = -1452 - -1488. List the prime factors of g.
2, 3
Let i = 6 - 14. Let n be (66/8)/(2/i). Let x = n + 56. What are the prime factors of x?
23
Let m be (-3)/4 + 70/8. Let l be (2 + m/(-3))*-6. Suppose -2 = -l*y - d + 6, 0 = -y - 3*d + 2. List the prime factors of y.
2
Suppose -2*l - 3*n + 4 = 36, -5*l = 4*n + 73. Let b = l + 25. Suppose 9*p + 93 = b*p. What are the prime factors of p?
31
Suppose c = 5 - 4. Suppose c = 2*d + 4*y - 1, -3*y - 12 = -3*d. What are the prime factors of (-1 - 0)/(d/(-54))?
2, 3
Let c(w) be the third derivative of w**5/15 - w**4/24 + w**3/3 - 7*w**2. What are the prime factors of c(-2)?
2, 5
List the prime factors of (-2 - 2) + (2 - -520) - 1.
11, 47
Suppose -2*p - 770 = -4*p. List the prime factors of p.
5, 7, 11
What are the prime factors of 3463/11 + (2/11 - 0)?
3, 5, 7
Let b(q) = q**3 + 7*q**2 - 5. Let m be 5 - 1 - 104/(-13). Let y be (-30)/m*(2 - 0). List the prime factors of b(y).
3, 5
Suppose 2*f - 4*f = 74. Let p = -53 - f. Let a = -11 - p. List the prime factors of a.
5
Let s(v) = -v**3 + 7*v**2 + 8*v - 3. Let u be s(8). Let h be -4 - 9/(0 - u). Let x(t) = t**2 + 3*t + 1. List the prime factors of x(h).
29
Let a(s) = -s**3 - 14*s**2 - 4*s + 6. Let t(x) = x**2 - 13*x - 14. Let k be t(13). What are the prime factors of a(k)?
2, 31
Let k = -133 - -221. Let u = -62 + k. List the prime factors of u.
2, 13
Suppose 4*g - g = -15. Let t(s) = 36 - 2*s - 20 - 19. What are the prime factors of t(g)?
7
Let x be (5/3)/((-7)/(-21)). Suppose 5*n + 15 = -m, 0 = -x*m + 4*n + 5 + 7. Suppose -2*b - 2*b + 148 = m. What are the prime factors of b?
37
Suppose -15*i = -12*i - 6684. What are the prime factors of i?
2, 557
Let h = 1140 - 650. Suppose -5*a - h = -10*a. What are the prime factors of a?
2, 7
Let u(q) = q + 11. Let p be u(-10). Let w(v) = 7*v**2 - v + 2. List the prime factors of w(p).
2
Let z(a) be the first derivative of 2*a + 1/3*a**3 + 4 - 4*a**2. What are the prime factors of z(8)?
2
Let k = 103 + -175. Let l = -31 - k. Let t = -10 + l. List the prime factors of t.
31
Suppose k = 2 + 1. Suppose 2*u = k*u - 7. Let r(x) = x**2 - 6*x + 1. What are the prime factors of r(u)?
2
Suppose -3*d + 618 = -315. Suppose -345 = 4*j + d. List the prime factors of (-30)/(-50) + j/(-10).
17
Suppose -2*p + 5*f = 3*f - 2, f = -p + 9. Suppose p = -j + 2*j. Suppose -j*k = 5*m - 20 - 160, 0 = m - k - 40. What are the prime factors of m?
2, 19
Suppose 0 = -31*x - 18*x + 11*x. Suppose 6*g - g - 23 = -4*w, -g + 11 = 4*w. Suppose x = -y + w*y - 10. What are the prime factors of y?
2, 5
Let b(x) = -6*x**3 - 14*x**2 - 37*x - 5. List the prime factors of b(-4).
3, 101
Let c be 225/10*(-24)/(-10). Suppose l - c = 18. List the prime factors of l.
2, 3
Let x = -84 - -189. Let n = 147 - x. List the prime factors of n.
2, 3, 7
Suppose -2*a + 618 = 2*z - 0*a, -z + 313 = -a. Suppose 5*h - 71 = -i, 0*i - 3*h = 5*i - z. What are the prime factors of i?
61
Suppose 1 = u - 29. Let q be 1/(-3) - (-32)/6. Suppose q*f - 10 = u. What are the prime factors of f?
2
Let f(l) = -4*l**2 - 24*l + 8. Let s be f(-6). Let q(y) be the third derivative of y**4/6 - 11*y**3/6 - y**2. What are the prime factors of q(s)?
3, 7
Suppose 3*a - 681 - 12 = 0. List the prime factors of a.
3, 7, 11
Suppose -90*q + 391337 = 2897. List the prime factors of q.
2, 13, 83
List the prime factors of ((-1284)/(-30))/((-12)/(-180)).
2, 3, 107
Let v = -2 - -4. Let c = -2 - v. What are the prime factors of 2/(-8) + (-109)/c?
3
Let n be 640/(-36) + (-4)/18. Let y = n + 53. List the prime factors of y.
5, 7
Let i be (-1 + -1)/((-2)/2). Let w = i + 1. Suppose n = -b + 8, 31 = -w*b + 5*b - n. List the prime factors of b.
13
Let d(a) = a**3 - 6*a**2 + 7*a - 1. Let v be d(5). Suppose -3*l = 4*b - v, -5*b = -6*l + l - 55. List the prime factors of b.
2, 3
Suppose -2*z + 914 = -w - 293, 5*z - 3*w = 3020. What are the prime factors of z?
601
Suppose 0 = -3*p - 67 + 1063. What are the prime factors of p?
2, 83
Let j(r) = 5*r - 43. Let v be j(8). List the prime factors of (1/v)/(6/(-2826)).
157
Suppose 5*o + 2*x = 944, 4*o - x = 3*x + 744. Let v = o + -265. Let s = v + 110. What are the prime factors of s?
3, 11
Let c(j) = j**2 + 5*j + 16. Let q be c(-13). Suppose q = 5*v - 0. What are the prime factors of v?
2, 3
Let d(j) = 1 - 2 - 3*j + 0 + 3*j**2. Let f be 9/(-24)*(-18 - -10). What are the prime factors of d(f)?
17
Suppose -4 = 41*o - 45*o. Let j be o + (-20)/8*-2. Suppose -j*d + 54 = -3*d. List the prime factors of d.
2, 3
Suppose 96*a + 506 = 97*a. What are the prime factors of a?
2, 11, 23
Let t(z) = 2*z**2 + 18*z - 20. Let v be t(-10). Suppose -s + 1064 = 4*w, 4*s + 0*s - 16 = v. List the prime factors of w.
5, 53
List the prime factors of (0 - (-8577)/24)/(23/184).
3, 953
Let p be (-30)/20*(0 - 2). Suppose 2*a + 57 = p*f - a, 17 = f - 2*a. Let l = 35 - f. List the prime factors of l.
2, 7
Suppose 3*c = 2*l + 3*l - 35, -3*l - c = -7. Suppose 22 = -5*d - l*x, 5*d - 9 + 49 = 5*x. List the prime factors of -5*d/(3 + -1).
3, 5
Let p = -835 + 3154. What are the prime factors of p?
3, 773
Let o(k) be the first derivative of -k**4/4 + 7*k**3/3 - 2*k**2 - 5*k - 1. Let s be (-3)/(-6)*70/7. List the prime factors of o(s).
5
Suppose 2*i = -0 + 6. Suppose -4*c + f = -64 - 17, 2*c - i*f - 33 = 0. Suppose 4*l = -3*x + 6*l + c, 5*x - 35 = 5*l. L